{"id":9,"date":"2020-02-13T13:23:16","date_gmt":"2020-02-13T12:23:16","guid":{"rendered":"http:\/\/beaumov.cluster024.hosting.ovh.net\/?page_id=9"},"modified":"2021-03-13T15:25:22","modified_gmt":"2021-03-13T14:25:22","slug":"evenements","status":"publish","type":"page","link":"https:\/\/beaumontenfetes.fr\/index.php\/evenements\/","title":{"rendered":"\u00c9v\u00e9nements"},"content":{"rendered":"\n<div class=\"mec-wrap mec-skin-grid-container  \" id=\"mec_skin_106\">\r\n    \r\n    <div id=\"mec_search_form_106\" class=\"mec-search-form mec-totalcal-box\"><div class=\"mec-dropdown-wrap\" ><div class=\"mec-dropdown-search\"><i class=\"mec-sl-folder\"><\/i><select  name=' ' id='mec_sf_category_106' class='postform'>\n\t<option value='' selected='selected'>Cat\u00e9gorie<\/option>\n\t<option class=\"level-0\" value=\"29\">Brocante<\/option>\n\t<option class=\"level-0\" value=\"28\">Chasse aux oeufs<\/option>\n<\/select>\n<\/div><\/div><div class=\"mec-text-input-search\"><i class=\"mec-sl-magnifier\"><\/i>\r\n                    <input type=\"search\" value=\"\" id=\"mec_sf_s_106\" placeholder=\"\" \/>\r\n                <\/div><\/div>    \r\n        <div class=\"mec-skin-grid-events-container\" id=\"mec_skin_events_106\">\r\n        Pas d&#039;\u00e9v\u00e9nement actuellement programm\u00e9.    <\/div>\r\n        \r\n        \r\n<\/div>\n","protected":false},"excerpt":{"rendered":"","protected":false},"author":1,"featured_media":0,"parent":0,"menu_order":2,"comment_status":"closed","ping_status":"closed","template":"","meta":{"cybocfi_hide_featured_image":"","footnotes":""},"class_list":["post-9","page","type-page","status-publish","hentry","entry"],"_links":{"self":[{"href":"https:\/\/beaumontenfetes.fr\/index.php\/wp-json\/wp\/v2\/pages\/9","targetHints":{"allow":["GET"]}}],"collection":[{"href":"https:\/\/beaumontenfetes.fr\/index.php\/wp-json\/wp\/v2\/pages"}],"about":[{"href":"https:\/\/beaumontenfetes.fr\/index.php\/wp-json\/wp\/v2\/types\/page"}],"author":[{"embeddable":true,"href":"https:\/\/beaumontenfetes.fr\/index.php\/wp-json\/wp\/v2\/users\/1"}],"replies":[{"embeddable":true,"href":"https:\/\/beaumontenfetes.fr\/index.php\/wp-json\/wp\/v2\/comments?post=9"}],"version-history":[{"count":5,"href":"https:\/\/beaumontenfetes.fr\/index.php\/wp-json\/wp\/v2\/pages\/9\/revisions"}],"predecessor-version":[{"id":192,"href":"https:\/\/beaumontenfetes.fr\/index.php\/wp-json\/wp\/v2\/pages\/9\/revisions\/192"}],"wp:attachment":[{"href":"https:\/\/beaumontenfetes.fr\/index.php\/wp-json\/wp\/v2\/media?parent=9"}],"curies":[{"name":"wp","href":"https:\/\/api.w.org\/{rel}","templated":true}]}}